, 2*n - 4 = 0. What is the units digit of h?
0
Let z(s) = s**3 - 2*s**2 - 13*s + 89. What is the tens digit of z(7)?
4
Let v = -47 + 60. Let r = 46 + v. What is the units digit of r?
9
Suppose 2*b + 45203 = 19*b. What is the tens digit of b?
5
Suppose 143 + 42 = -5*x. Let u = x - -23. Let p = -2 - u. What is the tens digit of p?
1
Let i(g) = 3*g + 2. Let o be i(2). Let q = o - 5. Suppose -108 = q*y - 7*y. What is the tens digit of y?
2
Let d = 914 - 546. What is the hundreds digit of d?
3
Let t = -36 + 34. What is the units digit of -4 + -2*5/t?
1
Let q(p) = 78*p - 228. What is the hundreds digit of q(36)?
5
Let z = 41 - 33. What is the tens digit of (z/(-6))/(10/(-450))?
6
Suppose 2*b - 4*a = 26, -3*a = 4*b - a - 2. Suppose 0 = -b*p + 227 - 17. What is the units digit of p?
0
Let p(t) be the first derivative of -12*t - 4 + 1/3*t**3 - 3/2*t**2. What is the units digit of p(9)?
2
What is the units digit of ((-2)/(-3))/(-2)*(-11 - 1450)?
7
Let n(b) = b**3 + 10*b**2 + 3*b - 5. Let i be 26/(-3*4/18). Let c = i + 30. What is the units digit of n(c)?
9
Suppose -4 = -4*k + 8. Suppose -k*u = 9 - 186. What is the units digit of u?
9
Let z be (5/20 + 6/8)*0. What is the tens digit of 0/(-2) + z - 110/(-5)?
2
Let u(t) = -2*t - 12. Let p be u(-6). Suppose 3*v + 2*i - 680 = p, -i - 4*i + 916 = 4*v. What is the hundreds digit of v?
2
Let u(h) = h**3 - h**2 + 57. Let s be u(0). Let z be 0 + -2 + 124 - (-31 + 28). Suppose 5*q - z = -2*y, 4*y + 7 = -2*q + s. What is the tens digit of q?
2
Let p(o) be the first derivative of -o**4/4 + 5*o**3 + o**2/2 + 6*o + 4. Let g be p(15). Suppose -t = g - 75. What is the units digit of t?
4
Suppose -5*m + 20 = -3*q + q, -m + 7 = -q. Suppose 3*l = -5*z + 737, 0*l - 3*l - m*z = -752. What is the hundreds digit of l?
2
Let l(x) be the first derivative of -x**4/4 - x**3 - x**2/2 - 8*x - 29. What is the units digit of l(-4)?
2
Let m = 1217 - -238. What is the thousands digit of m?
1
Suppose -2*v + 8 = -3*u, 0*v = -v + u + 4. Suppose 0 = -v*f + 11 + 45. What is the tens digit of f?
1
Let z be (-8016)/(-128) + 6/16. What is the units digit of 1841/z + 4/(-18)?
9
Let t(q) = 56*q + 681. What is the tens digit of t(24)?
2
What is the hundreds digit of (210/(-12))/((-1)/98)?
7
Let v = -1184 - -2861. What is the hundreds digit of v?
6
Let t(f) = 2*f**2 - 11*f + 9. Let j be t(4). What is the hundreds digit of ((-600)/16)/(j/8) - -1?
1
Suppose -4*o - 232 = 4*n, -4*n - 2*o - 3*o = 232. Let a = -5 - n. What is the tens digit of a?
5
Suppose 4*z + 4*v - 1784 = 0, -2*z = -0*v - 2*v - 872. Suppose -5*c = 4*c - z. What is the units digit of c?
9
Let b(m) be the second derivative of 1/20*m**5 + 1/6*m**4 - 2/3*m**3 - 5/2*m**2 + 8*m + 0. What is the units digit of b(-2)?
3
Let q = -9 + 93. Suppose -2 = -0*p + p, 0 = 5*j - 2*p - q. What is the units digit of j?
6
Let v(c) = 1. Let k(a) = 75*a + 25. Let u(q) = k(q) - 25*v(q). What is the units digit of u(1)?
5
Let i(m) = -8*m**3 + 9*m**2 - 9*m - 5. What is the units digit of i(-4)?
7
Let m be 3 - (-1)/(1/2). Suppose t - 5*s + 64 = 4*t, 3*t = m*s + 14. What is the units digit of t - (-5 + 4 + -1)?
5
Suppose -62 = -4*y - 202. Let x = 197 + y. Suppose -3*g = 3*g - x. What is the tens digit of g?
2
Let f = 505 - -27. What is the units digit of f?
2
Suppose -2*b + 22 - 8 = 0. Let q(t) = t**2 - 7*t + 3. Let j be q(b). Suppose -j*n = -3*r - 15, -2*r + 5*r + 17 = 4*n. What is the units digit of n?
2
Suppose 2*x = 2*i - 378, 5*i - 2*x - 612 = 333. Suppose 19 + i = 4*h. What is the units digit of h?
2
Let x = -2 - -17. Let d = 63 + x. What is the tens digit of d?
7
Suppose 35301 = 123*c - 102*c. What is the thousands digit of c?
1
Let r = 215 - 111. Let l = r + -85. What is the tens digit of l?
1
Suppose -2*q - 69 = 213. Let w = -98 - q. What is the tens digit of w?
4
Suppose 3*g - 5*m - 153 = 0, 153 = 3*g - 0*m - 2*m. Let w = -31 + g. What is the units digit of w?
0
Suppose 5*h + 2197 = 3*n, -4*h - h = 5*n - 3595. What is the tens digit of n?
2
Let b(f) = f - 2. Let y be b(6). What is the units digit of y - 0 - (-177)/3?
3
Let a = -9 + 3. Let i be a*4*(-5)/2. Suppose -4*w + 5*v = 5 - 60, 4*w = 4*v + i. What is the units digit of w?
0
What is the tens digit of (105/(-25) + 3)/((-3)/4095)?
3
Suppose -21*f + 10 = -19*f. Suppose -f*w - 127 = 2*z, z + 5*w + 71 = -0*w. Let b = -14 - z. What is the tens digit of b?
4
Let i(t) = -t**3 - 3*t**2 + 8*t - 2. Let p be i(-6). Suppose p = 5*y - 3*y. Suppose -y - 7 = -4*f. What is the units digit of f?
9
Let q(s) = -s**3 - 5*s**2 + 4*s + 4. Let j be q(-6). Suppose -j = -19*f + 15*f. What is the units digit of f?
4
Suppose 4*w - 297 = x + 95, -3*w = 3*x - 294. Let i = w + -45. What is the units digit of i?
3
Let q(y) = 234*y**2 + 1. Let n be q(-1). Let g = n - 89. What is the units digit of g?
6
Suppose 2*f + 2*w - 926 = 0, -7*f + 3*f + 1843 = w. What is the tens digit of f?
6
Suppose -316 = -n - 4*s, -3*s = 2*n - 6*n + 1264. Suppose -8*x + n = 60. Let m = 36 - x. What is the units digit of m?
4
Suppose -5*b + 44 = 4*w, -2*b + 33 = 4*w + 1. Suppose 6 = k - 5*r - 6, -w = -2*k + 4*r. What is the units digit of 9 + -2 - (0 - k)?
4
Suppose -50534 - 161846 = -70*i. What is the units digit of i?
4
Let y(b) = -2*b**3 - 29*b**2 - 33*b - 21. What is the units digit of y(-14)?
5
Suppose 9*d = 11*d - 10. Let x(t) = t**3 - 7*t**2 + 7*t - 7. Let c be x(d). What is the units digit of (-75)/10*c/5?
3
Let p(d) = 146*d**2 - 154*d - 1. What is the hundreds digit of p(-5)?
4
Suppose 5*p - 2483 = -o, -2*p - p + 1499 = -4*o. What is the units digit of p?
7
Let p(q) be the first derivative of 7*q**2 - 35*q - 7. What is the units digit of p(26)?
9
What is the units digit of ((-56)/(-6))/(18/2484)?
8
Let b(x) = -9*x - 2. Suppose 3*i = 3*r + 15, -2*r - 2*i + 3*i = 12. What is the units digit of b(r)?
1
Suppose -4*f + 11 + 5 = 0. Suppose -f*p - 39 = -7*p. What is the units digit of p?
3
Let f be (-2)/4 + 75/(-30). Let x(s) = -s**3 - 4*s**2 - 4*s + 3. What is the units digit of x(f)?
6
Suppose -w - 23 = -173. Suppose -w = 2*c - 634. What is the units digit of c?
2
Let a be (4 - -5) + 6 + -2. Suppose -a = -i + 20. What is the tens digit of i?
3
Suppose 12 = w - 5*b + 102, -216 = 2*w - b. Let v = 156 + w. What is the tens digit of v?
4
Suppose 0 = -3*l + 6*l, 2*l - 60 = 5*d. What is the units digit of (-4)/(-24) + (-2314)/d?
3
Suppose 4*w + 2*a - 21 = -3*a, 0 = -3*w + 3*a + 9. Suppose -2 = w*j - 14. Suppose 5*l - 27 = -2*i, -2*i + 114 = j*i - 3*l. What is the tens digit of i?
2
Let k be (1 - 16)*6/15. Let s be -2*(-1)/k*6. Let c = 3 + s. What is the units digit of c?
1
What is the thousands digit of (-23947)/(-42)*-3*1*-2?
3
Let p(x) be the first derivative of x**3/3 - 11*x**2/2 + 17*x - 168. Let c = 9 - -1. What is the units digit of p(c)?
7
Let x(a) = -a**3 - 13*a**2 - 14*a + 5. Let s be x(-12). Let z = -23 + s. Let r(q) = q**3 - 4*q**2 - 3*q - 11. What is the tens digit of r(z)?
4
Let g = -43 + 46. Suppose -3*d + j + 12 = 0, j - 2 = 2*d - g*j. What is the units digit of d?
5
Let a(f) = f**2 - 7*f + 8. Let w be a(4). What is the hundreds digit of -4*(2 - (-146)/w - 1)?
1
What is the units digit of 30/(-3)*(-56)/16?
5
Let p(y) = -y**3 + 27*y**2 - 7*y + 78. What is the tens digit of p(26)?
7
Let f(z) = 2*z**2 + 5*z - 15. Let q(v) = v**3 + 8*v**2 + 6*v - 14. Let s be -7 + 0*3/(-9). Let i be q(s). What is the units digit of f(i)?
8
What is the tens digit of 3718/3 - 0 - (-25)/(-75)?
3
Suppose 2*h = -6*g + g + 26, -h - 13 = -4*g. Suppose 72 = g*u - 3*u. Let c = 112 - u. What is the units digit of c?
0
Let i = -881 - -1482. What is the tens digit of i?
0
Suppose 0 = -7*k - k + 824. What is the hundreds digit of k?
1
Let a = 550 + -204. What is the tens digit of a/6 + 6/(-9)?
5
Let t = -351 - -387. What is the tens digit of t?
3
Suppose 0 = -q, 1 = -j + 3*q + 3. Suppose -3*s - 1 = -2*u, s - 5*u + 28 = j*s. What is the tens digit of s + 1*201/3?
7
Let o(n) = -n**2 - 12*n - 8. Let v be o(-11). What is the units digit of -4 + 24 + ((-3)/v - -3)?
2
Suppose 3*h = 7*h + 92. Let z = h + 29. Suppose -2*u - 180 = -z*u. What is the units digit of u?
5
Suppose -5*c = -5*t + 135, -3*c + 70 = -5*t + 207. Suppose -33*w = -t*w - 890. What is the hundreds digit of w?
1
Suppose 13*c = 334 - 2284. Let u = 111 - c. What